 - 128. Calculate the remainder when 69 is divided by a(4).
9
Let n(h) be the first derivative of h**3/3 + 2*h**2 - 6*h - 18. Calculate the remainder when n(3) is divided by 9.
6
Suppose 5*v - 1189 - 421 = 0. Suppose -u + 5*u - 4*y - 280 = 0, 5*u - v = -2*y. Let o = 82 - 65. Calculate the remainder when u is divided by o.
15
Let x(j) = -1 - 5 + 5 - 14*j. Let t(h) = -56*h - 5. Let l(u) = 2*t(u) - 9*x(u). Calculate the remainder when 49 is divided by l(1).
10
Suppose w - 2 = -0, 4*k + 32 = -2*w. Let f = 14 + k. Suppose -f*q = -3*q - 70. What is the remainder when q is divided by 19?
16
What is the remainder when 2486/30 + (-132)/(-990) is divided by 42/((18/4)/3)?
27
Suppose -3*a - a = -12. Suppose -4*g - 44 = 4*c - 80, -5*c = 3*g - 29. Calculate the remainder when g is divided by a.
2
Let c(g) = 2*g**2 + 5*g + 4. Let s be (15/9)/(2/18). Suppose 5*x - 5*b + s = -0, -x - 3 = -2*b. Calculate the remainder when c(x) is divided by 2.
1
Suppose -2*v + 44 = -0*v. What is the remainder when 41 is divided by v?
19
Let o(k) = k**2 + 4*k - 9. Suppose 47 - 9 = 2*w - x, 79 = 3*w + 4*x. Calculate the remainder when w is divided by o(-7).
9
Let y(p) = -8*p**2 - 4*p - 4. Let g be y(-2). Let f = -55 + 108. What is the remainder when f is divided by (g/10)/((-1)/5)?
11
Let b = 113 - 97. Suppose 20*o - 60 = b*o. Calculate the remainder when 56 is divided by o.
11
Let d be (-4914)/135 + (-2)/(-5). Let g = 115 + d. What is the remainder when g is divided by 20?
19
Suppose 12*n - 640 = 4*n. What is the remainder when n is divided by 6?
2
Let b(i) = -3*i - 6. Calculate the remainder when 65 is divided by b(-13).
32
Let c(w) = 2*w + 103. Calculate the remainder when 73 is divided by c(-33).
36
Suppose 2*o + 4 + 4 = 0. Calculate the remainder when 9522/99 + (-4)/22 is divided by 22/(-6*o/36).
30
Let g = 13 + -10. What is the remainder when (-16 + 4)/g*-18 is divided by 37?
35
Suppose -533*h = -540*h - 70. Suppose 51 = -3*p - 3*b, -76 = 5*p - 8*b + 4*b. Let j = h - p. Calculate the remainder when 29 is divided by j.
5
Suppose 2*l - 53 = -11. Let m = 157 + -96. What is the remainder when m is divided by l?
19
Let t = -5 - -11. Suppose z - t = 11. Calculate the remainder when z is divided by 28/(-182) - 119/(-13).
8
Suppose -p + 2 + 1 = 0. Suppose 4*x + 1 = -p*i + 146, -3*x - 4*i = -100. Calculate the remainder when x is divided by 14.
12
What is the remainder when 21 is divided by ((-44)/(-14))/(16/56)?
10
Let a = 1533 - 945. What is the remainder when a is divided by 85?
78
Let l = 308 + -158. Let p = -73 + l. Suppose d + 0*d = 4*j + p, -3*d = 3*j - 201. What is the remainder when d is divided by 18?
15
Let o = 67 + -65. Suppose 0 = o*b - 21 - 9. Calculate the remainder when 28 is divided by b.
13
Let q(z) = z**3 + 8*z**2 - 10*z - 6. Let x(l) = l**3 + 8*l**2 - 9. Let w be x(-8). Let a be q(w). What is the remainder when 80 is divided by (a/2)/(1/18)?
26
Let n(r) = r**2 + 5*r + 5. Let a be n(-5). Suppose -3*z + 2 = a. Calculate the remainder when 30 is divided by z/(2 - (-66)/(-32)).
14
Let t = -723 - -887. Calculate the remainder when t is divided by 24.
20
Let i(z) = -2*z**3 + z**2 + 2*z + 2. Let d be i(0). Let q be 8 - 6/(-4)*d. What is the remainder when 11 is divided by q/2 + 7/14?
5
Suppose 1293 = -a + 1348. What is the remainder when a is divided by 28?
27
Suppose 0 = 2*z + 44 - 52. Suppose -z*f + 117 = 77. Calculate the remainder when 36 is divided by f.
6
Suppose 38*r - 572 = 1214. Calculate the remainder when 372 is divided by r.
43
Suppose 6*z = -z + 861. Calculate the remainder when z is divided by 33.
24
Suppose -11*j + 88 = -0*j. What is the remainder when (45/2)/(4/j) is divided by 31?
14
Let h(w) = -4*w**2 - 5*w - 2*w**2 + 0*w**3 - w**3 + 1. Calculate the remainder when h(-5) is divided by 8/(-20) - -1*21/15.
0
Let c = -22 + 26. Suppose 0 = 8*d - c*d - 52. Let z = d + -4. What is the remainder when 35 is divided by z?
8
Let v be 1533/35 - ((-2)/10 + 0). Let l = v - 33. What is the remainder when 54 is divided by l?
10
Let a(d) = 8*d**2 - 4*d - 25. Let h(u) = -7*u**2 + 3*u + 25. Let p(t) = -5*a(t) - 6*h(t). What is the remainder when p(7) is divided by 18?
15
Let p(g) = -g + 8. Let h = -34 - -9. Calculate the remainder when (15/h)/(1/(2*-5)) is divided by p(6).
0
Suppose 5*l + 9*l + 2968 = 0. What is the remainder when 38 is divided by (-8)/(-36) - l/18?
2
Let w(a) = -a**3 + a**2 - a. Let k(b) = -4*b**3 - 3*b**2 - 14*b + 20. Let p(s) = k(s) - 5*w(s). Calculate the remainder when p(9) is divided by 11.
9
Let w(h) = h**3 + 6*h**2 + 3*h - 4. Let k = -32 + 50. Suppose 5*y = 33 - k. Calculate the remainder when w(-5) is divided by y.
0
Let w(b) = b**3 - b**2 + 2*b + 37. Suppose 2*n = 6, 4*n - 9 = -4*k + n. Suppose 5*r + 0*r - 95 = 0. Calculate the remainder when w(k) is divided by r.
18
Let g(b) = b**3 - 18*b**2 + b - 18. Let v be g(18). Suppose v = -2*r + 10. What is the remainder when 107 is divided by r?
2
Suppose p + f - 76 = 0, 5*p = -2*f + 477 - 106. What is the remainder when p is divided by 17?
5
Let w = -1375 + 1552. Suppose -3*x + 47 + 43 = 0. What is the remainder when w is divided by x?
27
Let z = 7 - 4. Let o = z - -8. Suppose -4*j = -5*j + o. What is the remainder when j is divided by 3?
2
Let w(l) = -6*l - 20. Suppose -5*s = 5*p - 485, 0 = -2*p - 0*p - s + 198. What is the remainder when p is divided by w(-9)?
33
Let a(z) = -z**3 + 7*z**2 - 4*z - 8. Let p be a(6). Let w = 15 + p. Suppose w = 2*k + o, -6 = -5*o + 3*o. Calculate the remainder when 22 is divided by k.
6
Suppose 26 = 2*z - 2. Let t(b) = -b**3 - 3*b**2 + 4*b + 4. What is the remainder when z is divided by t(-4)?
2
Let s(c) = -9*c - 136. What is the remainder when 41 is divided by s(-16)?
1
Let o be 62 + 7/(14/6). Let m = o - 59. Calculate the remainder when 16 is divided by m.
4
Let v(s) = 149*s**2 + 3*s - 2. Let p be v(1). Let q be -3*p*(-4)/(-10). Calculate the remainder when 30 is divided by q/(-22) + 4/(-22).
6
Suppose 3*o = -3*v + 300, -4*v - 23*o + 20*o = -404. What is the remainder when 517 is divided by v?
101
Let a be (-3 + (-30)/(-4))/(6/8). Calculate the remainder when 29 is divided by 46/3 + (28/a - 5).
14
Suppose 0 = -2*x - 2*x + 20, -x + 125 = 5*r. Suppose 3*d + r = 5*d. Calculate the remainder when 22 is divided by d.
10
Let b be (2 + -3)/((-9)/261). Let k = 38 - b. Suppose -2*f + 2 = -o, -5*o + 10 = -4*f - f. What is the remainder when k is divided by o?
3
Suppose -10*m + 290 = 180. What is the remainder when 714 is divided by m?
10
Suppose f + 0*f - 26 = 0. Let n(o) = -19*o - 8. Calculate the remainder when n(-3) is divided by f.
23
Let o = -83 + 92. Suppose 1712 = o*w - w. Calculate the remainder when w is divided by 54.
52
Calculate the remainder when 157 is divided by (-2120)/(-48) - -9 - 1/6.
51
Let y = 5678 + -5662. What is the remainder when (-2)/(-5) + (-456)/(-10) is divided by y?
14
Suppose 3*d - n = 2*d + 7, -4*n - 12 = 0. Suppose -2*l - d*p + 64 = 0, -l = 5*p - 48 + 4. Suppose -f + 3*f = l. Calculate the remainder when 33 is divided by f.
9
Suppose 0 = -3*g - 2*t + 458, -34*g + 448 = -31*g + 4*t. Calculate the remainder when g is divided by 57.
42
Let h be (-6)/4 + 12/24. Let z = h + 5. Suppose j - 5*t - 34 = 0, 0*j - 7 = -j - z*t. What is the remainder when 54 is divided by j?
16
Calculate the remainder when (780/105)/13 + (-5379)/(-7) is divided by 6.
1
Suppose 0 = -4*b - 4*b + 552. Let u(s) be the first derivative of 2*s**3/3 + 5*s**2 + 8*s + 3. What is the remainder when b is divided by u(-7)?
33
Suppose -4*j + 28 = -4*n - 0, -2*j + 3*n + 18 = 0. Calculate the remainder when (26/8)/(j/24) is divided by 6.
2
Suppose -3*u = -8*u + 85. Suppose -5 = -j, -14 = 4*w - j + 7. Let c(i) = -i**3 - 4*i**2 - i + 5. What is the remainder when u is divided by c(w)?
8
Suppose 28 = -j + 5*j. Calculate the remainder when (j - (-2 - -5))*8 is divided by 11.
10
Let s = -784 + 877. Calculate the remainder when s is divided by 21.
9
Suppose -4*n + 11*n + 28 = 0. Let o(l) = l**2 - 2*l - 6. Suppose -3*f = 2*i - 16, 2*f + 13 = -4*i + 37. What is the remainder when o(n) is divided by i?
3
Suppose 0 = r - 0*r - t - 40, r - 55 = -4*t. Suppose 0 = -m - 2*m + 48. What is the remainder when r is divided by m?
11
Let n(d) = -d**3 - 5*d**2 - 3*d - 5. Let h(m) = 5*m**2 + 20*m + 30.